{"id":1158,"date":"2024-09-23T20:50:09","date_gmt":"2024-09-23T18:50:09","guid":{"rendered":"https:\/\/through-history.com\/?post_type=product&#038;p=1158"},"modified":"2024-09-30T09:41:39","modified_gmt":"2024-09-30T07:41:39","slug":"crochet-de-molltiere-birka-303","status":"publish","type":"product","link":"https:\/\/through-history.boostrestau.com\/?product=crochet-de-molltiere-birka-303","title":{"rendered":"Crochet de mollti\u00e8re Birka 303"},"content":{"rendered":"<p>Les fouilles arch\u00e9ologiques \u00e0 Birka ont r\u00e9v\u00e9l\u00e9 une grande vari\u00e9t\u00e9 d\u2019artefacts, allant des armes et des outils aux bijoux et aux accessoires vestimentaires. Les crochets de molleti\u00e8re sont particuli\u00e8rement int\u00e9ressants car ils montrent comment les Vikings combinaient fonctionnalit\u00e9 et esth\u00e9tique dans leurs objets quotidiens. La tombe 303, en particulier, a fourni des informations pr\u00e9cieuses sur les pratiques fun\u00e9raires et les croyances des Vikings, ainsi que sur leur artisanat et leur commerce.<\/p>\n","protected":false},"excerpt":{"rendered":"<p>Scandinave \/ Su\u00e8de<br \/>\nX\u00e8me si\u00e8cle<br \/>\nTaille : 3 x 2<\/p>\n<p>Ces crochets de bande molleti\u00e8re en bronze seront adapt\u00e9s pour votre tenue su\u00e9doise. Un \u00e9l\u00e9ment gracieux, mais aussi pratique, qui maintient vos bandes sans faillir.<\/p>\n","protected":false},"featured_media":1341,"template":"","meta":{"neve_meta_sidebar":"","neve_meta_container":"","neve_meta_enable_content_width":"off","neve_meta_content_width":100,"neve_meta_title_alignment":"","neve_meta_author_avatar":"","neve_post_elements_order":"","neve_meta_disable_header":"","neve_meta_disable_footer":"","neve_meta_disable_title":""},"product_brand":[],"product_cat":[191,435,15],"product_tag":[],"class_list":{"0":"post-1158","1":"product","2":"type-product","3":"status-publish","4":"has-post-thumbnail","6":"product_cat-accessoires","7":"product_cat-bijoux","8":"product_cat-tous-nos-produits","10":"first","11":"instock","12":"taxable","13":"shipping-taxable","14":"purchasable","15":"product-type-simple"},"_links":{"self":[{"href":"https:\/\/through-history.boostrestau.com\/index.php?rest_route=\/wp\/v2\/product\/1158","targetHints":{"allow":["GET"]}}],"collection":[{"href":"https:\/\/through-history.boostrestau.com\/index.php?rest_route=\/wp\/v2\/product"}],"about":[{"href":"https:\/\/through-history.boostrestau.com\/index.php?rest_route=\/wp\/v2\/types\/product"}],"wp:featuredmedia":[{"embeddable":true,"href":"https:\/\/through-history.boostrestau.com\/index.php?rest_route=\/wp\/v2\/media\/1341"}],"wp:attachment":[{"href":"https:\/\/through-history.boostrestau.com\/index.php?rest_route=%2Fwp%2Fv2%2Fmedia&parent=1158"}],"wp:term":[{"taxonomy":"product_brand","embeddable":true,"href":"https:\/\/through-history.boostrestau.com\/index.php?rest_route=%2Fwp%2Fv2%2Fproduct_brand&post=1158"},{"taxonomy":"product_cat","embeddable":true,"href":"https:\/\/through-history.boostrestau.com\/index.php?rest_route=%2Fwp%2Fv2%2Fproduct_cat&post=1158"},{"taxonomy":"product_tag","embeddable":true,"href":"https:\/\/through-history.boostrestau.com\/index.php?rest_route=%2Fwp%2Fv2%2Fproduct_tag&post=1158"}],"curies":[{"name":"wp","href":"https:\/\/api.w.org\/{rel}","templated":true}]}}