{"id":27,"date":"2023-04-21T15:26:11","date_gmt":"2023-04-21T13:26:11","guid":{"rendered":"https:\/\/through-history.com\/index.php\/produit\/cale-de-combat-gambisonnee\/"},"modified":"2024-11-09T13:43:45","modified_gmt":"2024-11-09T12:43:45","slug":"cale-de-combat-gambisonnee","status":"publish","type":"product","link":"https:\/\/through-history.boostrestau.com\/?product=cale-de-combat-gambisonnee","title":{"rendered":"Cale de combat Gambisonn\u00e9e"},"content":{"rendered":"<p>Une cale de combat faite pour le confort et la protection de votre cr\u00e2ne pour les coups relativement forts. Elle est \u00e9paisse et maintient parfaitement votre casque en place. Elle s&#8217;attache au niveau du cou avec les bouts de laine pr\u00e9vu \u00e0 cet effet.<\/p>\n<p>Cale en laine, rembourr\u00e9e par de la mousse. Taille unique disponible en gris et marron.<\/p>\n","protected":false},"excerpt":{"rendered":"<p>Une cale de combat faite pour le confort et la protection de votre cr\u00e2ne pour les coups relativement forts. Elle est \u00e9paisse et maintient parfaitement votre casque en place. Elle s&#8217;attache au niveau du cou avec les bouts de laine pr\u00e9vu \u00e0 cet effet.<\/p>\n<p>Cale en laine, rembourr\u00e9e par de la mousse. Taille unique.<\/p>\n","protected":false},"featured_media":355,"template":"","meta":{"neve_meta_sidebar":"","neve_meta_container":"","neve_meta_enable_content_width":"off","neve_meta_content_width":100,"neve_meta_title_alignment":"","neve_meta_author_avatar":"","neve_post_elements_order":"","neve_meta_disable_header":"","neve_meta_disable_footer":"","neve_meta_disable_title":""},"product_brand":[],"product_cat":[193,205,15],"product_tag":[57,58,59,60],"class_list":{"0":"post-27","1":"product","2":"type-product","3":"status-publish","4":"has-post-thumbnail","6":"product_cat-cales-de-combat","7":"product_cat-pour-le-combat","8":"product_cat-tous-nos-produits","9":"product_tag-cale_de_combat","10":"product_tag-cale_de_combat_ganbisonnee","11":"product_tag-gambison_de_combat","12":"product_tag-protection_de_tete","14":"first","15":"instock","16":"taxable","17":"shipping-taxable","18":"purchasable","19":"product-type-variable"},"_links":{"self":[{"href":"https:\/\/through-history.boostrestau.com\/index.php?rest_route=\/wp\/v2\/product\/27","targetHints":{"allow":["GET"]}}],"collection":[{"href":"https:\/\/through-history.boostrestau.com\/index.php?rest_route=\/wp\/v2\/product"}],"about":[{"href":"https:\/\/through-history.boostrestau.com\/index.php?rest_route=\/wp\/v2\/types\/product"}],"wp:featuredmedia":[{"embeddable":true,"href":"https:\/\/through-history.boostrestau.com\/index.php?rest_route=\/wp\/v2\/media\/355"}],"wp:attachment":[{"href":"https:\/\/through-history.boostrestau.com\/index.php?rest_route=%2Fwp%2Fv2%2Fmedia&parent=27"}],"wp:term":[{"taxonomy":"product_brand","embeddable":true,"href":"https:\/\/through-history.boostrestau.com\/index.php?rest_route=%2Fwp%2Fv2%2Fproduct_brand&post=27"},{"taxonomy":"product_cat","embeddable":true,"href":"https:\/\/through-history.boostrestau.com\/index.php?rest_route=%2Fwp%2Fv2%2Fproduct_cat&post=27"},{"taxonomy":"product_tag","embeddable":true,"href":"https:\/\/through-history.boostrestau.com\/index.php?rest_route=%2Fwp%2Fv2%2Fproduct_tag&post=27"}],"curies":[{"name":"wp","href":"https:\/\/api.w.org\/{rel}","templated":true}]}}