{"id":29,"date":"2023-04-21T15:26:11","date_gmt":"2023-04-21T13:26:11","guid":{"rendered":"https:\/\/through-history.com\/index.php\/produit\/gotland-knife\/"},"modified":"2024-09-09T14:21:07","modified_gmt":"2024-09-09T12:21:07","slug":"gotland-knife","status":"publish","type":"product","link":"https:\/\/through-history.boostrestau.com\/?product=gotland-knife","title":{"rendered":"Couteau Gotland"},"content":{"rendered":"<p>Sur l&#8217;\u00eele de Gotland, diff\u00e9rents couteaux et couteaux \u00e0 cha\u00eenettes ont \u00e9t\u00e9s d\u00e9couverts, mais aussi de nombreux artefacts, et des bijoux, avec une mode tr\u00e8s particuli\u00e8re \u00e0 cette \u00eele.<\/p>\n<p>Durant le haut moyen \u00e2ge, l&#8217;\u00eele de Gotland est domin\u00e9e par les Guts cousins des Geats du sud de la Su\u00e8de, et une branche du peuple des Goths :<\/p>\n<p>Les Guts (terme actuel) donc habitants de l&#8217;\u00eele de Gotland, la plus grande \u00eele de Su\u00e8de situ\u00e9e au milieu de la mer Baltique, ont un nom qui est la racine parfaitement identique \u00e0 celle de Goth.<br \/>\nAlors que le terme Geats a disparu comme nom d&#8217;ethnie, celui des Guts existe encore comme nom identitaire pour les habitants de cette \u00eele.<\/p>\n<p>Selon la saga des Guts, l&#8217;\u00eele fut colonis\u00e9e par un chef nomm\u00e9 Tj\u00e4lvar et elle raconte comment les Guts ont quitt\u00e9 l&#8217;\u00eele pour s&#8217;installer dans le sud de l&#8217;Europe. Elle raconte aussi qu&#8217;au vie si\u00e8cle, la tribu s&#8217;est soumise volontairement \u00e0 la protection du roi de Su\u00e8de.<\/p>\n<p>D\u00e8s le VII \u00e8me si\u00e8cle, les Guts sillonnent les mers et les fleuves pour commercer avec l&#8217;Orient et l&#8217;Occident. Par les fleuves de Russie, ils atteignent la mer Caspienne et la Mer Noire et font des affaires avec Constantinople et m\u00eame Bagdad : ce sont les m\u00eames chemins que ceux des Var\u00e8gues.<\/p>\n<p>Par leur commerce, les Guts acqui\u00e8rent fortune, culture et connaissance des arts. Au XI si\u00e8cle ils adoptent la religion chr\u00e9tienne, et construisent de nombreuses \u00e9glises.<\/p>\n<p>Elle ne changera de domination qu&#8217;au XIV \u00e8me si\u00e8cle et pendant 300 ans deviendra Danoise.<br \/>\nl&#8217;\u00eele aurait \u00e9t\u00e9 christianis\u00e9e par le roi norv\u00e9gien Olaf II, dit Saint Olaf, en 1029<\/p>\n<p>Le nombre de pi\u00e8ces de monnaies et, notamment, de dirhams arabes d\u00e9couverts sur la seule \u00eele de Gotland est extraordinairement \u00e9lev\u00e9 : il y a plus de ces monnaies d&#8217;argent dans divers butins retrouv\u00e9s sur l&#8217;\u00eele que dans n&#8217;importe quel endroit d&#8217;Europe occidentale.<br \/>\nLe nombre total de dirhams retrouv\u00e9s \u00e0 Gotland est presque aussi \u00e9lev\u00e9 que ceux qui ont \u00e9t\u00e9 d\u00e9terr\u00e9s dans l&#8217;ensemble du monde musulman !<\/p>\n<p>Ces monnaies sont arriv\u00e9es dans le nord gr\u00e2ce au commerce entre les marchands var\u00e8gues et le Califat abbaside.<\/p>\n<p>Gotland est donc une riche plaque tournante entre les comptoirs de toute la baltique. Riche et prosp\u00e8re. Il vas sans nul doute que les femmes aristocrates de Gotland prenaient grand soin de leur apparence. Et que la mise en valeur de leur statut \u00e9tait primordial.<\/p>\n<p>Le couteau que nous vous proposons est un accessoire d\u00e9licat. Sa lame est d&#8217;un tiers de sa longueur total. Et sa petite taille en fait un objet raffin\u00e9 et discret.<\/p>\n","protected":false},"excerpt":{"rendered":"<p>Su\u00e8de \/ G\u00fcts<\/p>\n<p>X \u00e8me si\u00e8cle<\/p>\n<p>Sur l&#8217;\u00eele de Gotland, diff\u00e9rents couteaux et couteaux \u00e0 cha\u00eenettes ont \u00e9t\u00e9s d\u00e9couverts, mais aussi de nombreux artefacts, et des bijoux, avec une mode tr\u00e8s particuli\u00e8re \u00e0 cette \u00eele. Gotland est une plaque tournante riche et prosp\u00e8re entre les comptoirs de toute la baltique. Il vas sans nul doute que les femmes aristocrates de Gotland prenaient grand soin de leur apparence et que la mise en valeur de leur statut \u00e9tait primordial.<\/p>\n","protected":false},"featured_media":419,"template":"","meta":{"neve_meta_sidebar":"","neve_meta_container":"","neve_meta_enable_content_width":"off","neve_meta_content_width":100,"neve_meta_title_alignment":"","neve_meta_author_avatar":"","neve_post_elements_order":"","neve_meta_disable_header":"","neve_meta_disable_footer":"","neve_meta_disable_title":""},"product_brand":[],"product_cat":[191,15],"product_tag":[71,74,69,72,68,43,70,73],"class_list":{"0":"post-29","1":"product","2":"type-product","3":"status-publish","4":"has-post-thumbnail","6":"product_cat-accessoires","7":"product_cat-tous-nos-produits","8":"product_tag-couteau_birka","9":"product_tag-couteau_damas","10":"product_tag-couteau_gotland","11":"product_tag-couteau_suede","12":"product_tag-couteau_viking","13":"product_tag-early_medieval","14":"product_tag-living_history","15":"product_tag-viking_knife","17":"first","18":"instock","19":"taxable","20":"shipping-taxable","21":"purchasable","22":"product-type-variable"},"_links":{"self":[{"href":"https:\/\/through-history.boostrestau.com\/index.php?rest_route=\/wp\/v2\/product\/29","targetHints":{"allow":["GET"]}}],"collection":[{"href":"https:\/\/through-history.boostrestau.com\/index.php?rest_route=\/wp\/v2\/product"}],"about":[{"href":"https:\/\/through-history.boostrestau.com\/index.php?rest_route=\/wp\/v2\/types\/product"}],"wp:featuredmedia":[{"embeddable":true,"href":"https:\/\/through-history.boostrestau.com\/index.php?rest_route=\/wp\/v2\/media\/419"}],"wp:attachment":[{"href":"https:\/\/through-history.boostrestau.com\/index.php?rest_route=%2Fwp%2Fv2%2Fmedia&parent=29"}],"wp:term":[{"taxonomy":"product_brand","embeddable":true,"href":"https:\/\/through-history.boostrestau.com\/index.php?rest_route=%2Fwp%2Fv2%2Fproduct_brand&post=29"},{"taxonomy":"product_cat","embeddable":true,"href":"https:\/\/through-history.boostrestau.com\/index.php?rest_route=%2Fwp%2Fv2%2Fproduct_cat&post=29"},{"taxonomy":"product_tag","embeddable":true,"href":"https:\/\/through-history.boostrestau.com\/index.php?rest_route=%2Fwp%2Fv2%2Fproduct_tag&post=29"}],"curies":[{"name":"wp","href":"https:\/\/api.w.org\/{rel}","templated":true}]}}