{"id":38,"date":"2023-04-21T15:26:17","date_gmt":"2023-04-21T13:26:17","guid":{"rendered":"https:\/\/through-history.com\/index.php\/produit\/maas-river-helmet\/"},"modified":"2024-06-18T09:48:22","modified_gmt":"2024-06-18T07:48:22","slug":"maas-river-helmet","status":"publish","type":"product","link":"https:\/\/through-history.boostrestau.com\/?product=maas-river-helmet","title":{"rendered":"Casque de la Meuse &#8211; Maas river"},"content":{"rendered":"<p>Le casque de la rivi\u00e8re de la Meuse a \u00e9t\u00e9 retrouv\u00e9 sur le territoire de la Belgique actuelle, et est dat\u00e9 du 11\u00e8me si\u00e8cle. Il est pr\u00e9sent\u00e9 \u00e0 Mayence, au Mus\u00e9e central romano-allemand, dans l&#8217;exposition intitul\u00e9e \u00abDas Reich Salier\u00bb. Ce casque \u00e0 nasal se diff\u00e9rencie de la plupart des casques de ce type par un nasal d\u00e9cor\u00e9 d&#8217;une double cannelure. Et \u00e9galement par un attribut int\u00e9ressant sur le haut du casque : un anneau de fixation en forme de feuille, probablement destin\u00e9 \u00e0 servir de point de fixation pour un cimier.<br \/>\nCe cimier \u00e9tant suppos\u00e9ment la d\u00e9coration d&#8217;un officier, d&#8217;une estafette, ou d&#8217;un noble&#8230;<br \/>\nLe casque de la Meuse est dat\u00e9 d&#8217;une \u00e9poque fort int\u00e9ressante o\u00f9 la Francie Occidentalis se d\u00e9tache du reste de l&#8217;Empire Carolingien morcel\u00e9, et vois arriver la Dynastie des Cap\u00e9tiens au pouvoir. Trouv\u00e9 proche des limites centrale du Royaume, ce casque conviendra \u00e0 la reconstitution d&#8217;un combattant Francs Ottonien ou Cap\u00e9tiens durant le XI \u00e8me si\u00e8cle. Sonnant la fin des grandes invasions, et le d\u00e9but de la f\u00e9odalit\u00e9.<\/p>\n","protected":false},"excerpt":{"rendered":"<p>XI\u00e8me si\u00e8cle &#8211; Franc \/ Ottonien<\/p>\n<p>Retrouv\u00e9 en Actuelle Belgique, cette repr\u00e9sentation du casque de la Meuse repr\u00e9sente bien la Francie Occidentalis se d\u00e9tachant de l&#8217;Empire Carolingien.<\/p>\n<p>Ce produit est en pr\u00e9commande. Le d\u00e9lai de livraison sera de 6 mois environ. Le casque est propos\u00e9 avec une grille de protection, cach\u00e9e par une cote de maille ferm\u00e9e pour des raisons de s\u00e9curit\u00e9.<\/p>\n","protected":false},"featured_media":804,"template":"","meta":{"neve_meta_sidebar":"","neve_meta_container":"","neve_meta_enable_content_width":"off","neve_meta_content_width":100,"neve_meta_title_alignment":"","neve_meta_author_avatar":"","neve_post_elements_order":"","neve_meta_disable_header":"","neve_meta_disable_footer":"","neve_meta_disable_title":""},"product_brand":[],"product_cat":[192,15],"product_tag":[385,93,91,94,95,96,92],"class_list":{"0":"post-38","1":"product","2":"type-product","3":"status-publish","4":"has-post-thumbnail","6":"product_cat-casques-viking","7":"product_cat-tous-nos-produits","8":"product_tag-belgique","9":"product_tag-eastern_helmet","10":"product_tag-franc_helmet","11":"product_tag-helmet_for_fight","12":"product_tag-through_history","13":"product_tag-true_history_shop","14":"product_tag-viking_helmet","16":"first","17":"onbackorder","18":"sold-individually","19":"taxable","20":"shipping-taxable","21":"product-type-variable"},"_links":{"self":[{"href":"https:\/\/through-history.boostrestau.com\/index.php?rest_route=\/wp\/v2\/product\/38","targetHints":{"allow":["GET"]}}],"collection":[{"href":"https:\/\/through-history.boostrestau.com\/index.php?rest_route=\/wp\/v2\/product"}],"about":[{"href":"https:\/\/through-history.boostrestau.com\/index.php?rest_route=\/wp\/v2\/types\/product"}],"wp:featuredmedia":[{"embeddable":true,"href":"https:\/\/through-history.boostrestau.com\/index.php?rest_route=\/wp\/v2\/media\/804"}],"wp:attachment":[{"href":"https:\/\/through-history.boostrestau.com\/index.php?rest_route=%2Fwp%2Fv2%2Fmedia&parent=38"}],"wp:term":[{"taxonomy":"product_brand","embeddable":true,"href":"https:\/\/through-history.boostrestau.com\/index.php?rest_route=%2Fwp%2Fv2%2Fproduct_brand&post=38"},{"taxonomy":"product_cat","embeddable":true,"href":"https:\/\/through-history.boostrestau.com\/index.php?rest_route=%2Fwp%2Fv2%2Fproduct_cat&post=38"},{"taxonomy":"product_tag","embeddable":true,"href":"https:\/\/through-history.boostrestau.com\/index.php?rest_route=%2Fwp%2Fv2%2Fproduct_tag&post=38"}],"curies":[{"name":"wp","href":"https:\/\/api.w.org\/{rel}","templated":true}]}}