{"id":47,"date":"2023-04-21T15:26:21","date_gmt":"2023-04-21T13:26:21","guid":{"rendered":"https:\/\/through-history.com\/index.php\/produit\/kaftan-de-combat-en-laine\/"},"modified":"2024-03-28T13:33:34","modified_gmt":"2024-03-28T12:33:34","slug":"kaftan-de-combat-en-laine","status":"publish","type":"product","link":"https:\/\/through-history.boostrestau.com\/?product=kaftan-de-combat-en-laine","title":{"rendered":"Tunique de combat &#8211; Kaftan"},"content":{"rendered":"<p>Pour vous, nous r\u00e9alisons r\u00e9guli\u00e8rement des armures de laine. L&#8217;un des mod\u00e8les les plus r\u00e9curant est le Kaftan de combat.<br \/>\nEn laine, doubl\u00e9 en lin, mobile, confortable et s\u00e9curisant. Totalement customisable et fait sur mesure, des couleurs au nombres de couches de rembourrage par zones.<br \/>\nLes Kaftans sont un v\u00eatement typique des peuples cavaliers Kazhar et Magyar. Tr\u00e8s pratique \u00e0 mettre et \u00e0 retir\u00e9 pour le combat. On a retrouv\u00e9 des traces de bandes de soie et des boutons de fermoirs \u00e9galement dans des tombes Rus et Su\u00e9doises.<\/p>\n","protected":false},"excerpt":{"rendered":"<p>Nomads Kaftan<br \/>\nRus \/ Suede \/ Magyar &amp; Khazar<br \/>\nIX-X \u00e8me si\u00e8cle<\/p>\n<p>Pour vous, nous r\u00e9alisons r\u00e9guli\u00e8rement des armures de laine. L&#8217;un des mod\u00e8les les plus r\u00e9curant est le Kaftan de combat.<br \/>\nEn laine, doubl\u00e9 en lin, mobile, confortable et s\u00e9curisant. Totalement customisable et fait sur mesure, des couleurs au nombres de couches de rembourrage par zones.<\/p>\n","protected":false},"featured_media":81,"template":"","meta":{"neve_meta_sidebar":"","neve_meta_container":"","neve_meta_enable_content_width":"off","neve_meta_content_width":100,"neve_meta_title_alignment":"","neve_meta_author_avatar":"","neve_post_elements_order":"","neve_meta_disable_header":"","neve_meta_disable_footer":"","neve_meta_disable_title":""},"product_brand":[],"product_cat":[204,15,194],"product_tag":[120,119,121,116,118,117],"class_list":{"0":"post-47","1":"product","2":"type-product","3":"status-publish","4":"has-post-thumbnail","6":"product_cat-rus-tuniques-de-combat","7":"product_cat-tous-nos-produits","8":"product_cat-tuniques-de-combat","9":"product_tag-gambison_en_laine","10":"product_tag-kaftan_de_combat","11":"product_tag-kaftan_viking","12":"product_tag-tunique_de_combat","13":"product_tag-tunique_viking","14":"product_tag-tunqiue_en_laine","16":"first","17":"instock","18":"taxable","19":"shipping-taxable","20":"purchasable","21":"product-type-variable"},"_links":{"self":[{"href":"https:\/\/through-history.boostrestau.com\/index.php?rest_route=\/wp\/v2\/product\/47","targetHints":{"allow":["GET"]}}],"collection":[{"href":"https:\/\/through-history.boostrestau.com\/index.php?rest_route=\/wp\/v2\/product"}],"about":[{"href":"https:\/\/through-history.boostrestau.com\/index.php?rest_route=\/wp\/v2\/types\/product"}],"wp:featuredmedia":[{"embeddable":true,"href":"https:\/\/through-history.boostrestau.com\/index.php?rest_route=\/wp\/v2\/media\/81"}],"wp:attachment":[{"href":"https:\/\/through-history.boostrestau.com\/index.php?rest_route=%2Fwp%2Fv2%2Fmedia&parent=47"}],"wp:term":[{"taxonomy":"product_brand","embeddable":true,"href":"https:\/\/through-history.boostrestau.com\/index.php?rest_route=%2Fwp%2Fv2%2Fproduct_brand&post=47"},{"taxonomy":"product_cat","embeddable":true,"href":"https:\/\/through-history.boostrestau.com\/index.php?rest_route=%2Fwp%2Fv2%2Fproduct_cat&post=47"},{"taxonomy":"product_tag","embeddable":true,"href":"https:\/\/through-history.boostrestau.com\/index.php?rest_route=%2Fwp%2Fv2%2Fproduct_tag&post=47"}],"curies":[{"name":"wp","href":"https:\/\/api.w.org\/{rel}","templated":true}]}}