{"id":48,"date":"2023-04-21T15:26:21","date_gmt":"2023-04-21T13:26:21","guid":{"rendered":"https:\/\/through-history.com\/index.php\/produit\/bourse-viking-de-hedeby\/"},"modified":"2024-06-19T11:13:21","modified_gmt":"2024-06-19T09:13:21","slug":"bourse-viking-de-hedeby","status":"publish","type":"product","link":"https:\/\/through-history.boostrestau.com\/?product=bourse-viking-de-hedeby","title":{"rendered":"Bourse en cuir Hedeby"},"content":{"rendered":"<p>Bourse en cuir d\u2019apr\u00e8s le patron de celle retrouv\u00e9e \u00e0 Hedeby.<\/p>\n<p>Ce mod\u00e8le a \u00e9t\u00e9 consciemment redimensionn\u00e9 afin de pouvoir accueillir vos portes feuilles et vos t\u00e9l\u00e9phones et permettre de les transport\u00e9 lors de vos camps.<br \/>\nEn prenant conscience que le mat\u00e9riel dois parfois \u00eatre adapt\u00e9 aux normes et besoins moderne, vous pourrez d\u00e9sormais transport\u00e9 vos objets de valeurs en toute s\u00e9curit\u00e9 tout en conservant un costume coh\u00e9rent.<\/p>\n","protected":false},"excerpt":{"rendered":"<p>Danemark<\/p>\n<p>X \u00e8me Si\u00e8cle<\/p>\n<p>Bourse en cuir d\u2019apr\u00e8s le patron de celle retrouv\u00e9e \u00e0 Hedeby.<\/p>\n<p>Ce mod\u00e8le a \u00e9t\u00e9 consciemment redimensionn\u00e9 afin de pouvoir accueillir vos portes feuilles et vos t\u00e9l\u00e9phones et permettre de les transport\u00e9 lors de vos camps.<br \/>\nEn prenant conscience que le mat\u00e9riel dois parfois \u00eatre adapt\u00e9 aux normes et besoins moderne, vous pourrez d\u00e9sormais transport\u00e9 vos objets de valeurs en toute s\u00e9curit\u00e9 tout en conservant un costume coh\u00e9rent.<\/p>\n","protected":false},"featured_media":65,"template":"","meta":{"neve_meta_sidebar":"","neve_meta_container":"","neve_meta_enable_content_width":"off","neve_meta_content_width":100,"neve_meta_title_alignment":"","neve_meta_author_avatar":"","neve_post_elements_order":"","neve_meta_disable_header":"","neve_meta_disable_footer":"","neve_meta_disable_title":""},"product_brand":[],"product_cat":[191,434,15],"product_tag":[124,123,122,49,16],"class_list":{"0":"post-48","1":"product","2":"type-product","3":"status-publish","4":"has-post-thumbnail","6":"product_cat-accessoires","7":"product_cat-sacs-en-cuir","8":"product_cat-tous-nos-produits","9":"product_tag-bourse","10":"product_tag-escarcelle","11":"product_tag-pouch","12":"product_tag-scandinave","13":"product_tag-viking","15":"first","16":"instock","17":"taxable","18":"shipping-taxable","19":"purchasable","20":"product-type-simple"},"_links":{"self":[{"href":"https:\/\/through-history.boostrestau.com\/index.php?rest_route=\/wp\/v2\/product\/48","targetHints":{"allow":["GET"]}}],"collection":[{"href":"https:\/\/through-history.boostrestau.com\/index.php?rest_route=\/wp\/v2\/product"}],"about":[{"href":"https:\/\/through-history.boostrestau.com\/index.php?rest_route=\/wp\/v2\/types\/product"}],"wp:featuredmedia":[{"embeddable":true,"href":"https:\/\/through-history.boostrestau.com\/index.php?rest_route=\/wp\/v2\/media\/65"}],"wp:attachment":[{"href":"https:\/\/through-history.boostrestau.com\/index.php?rest_route=%2Fwp%2Fv2%2Fmedia&parent=48"}],"wp:term":[{"taxonomy":"product_brand","embeddable":true,"href":"https:\/\/through-history.boostrestau.com\/index.php?rest_route=%2Fwp%2Fv2%2Fproduct_brand&post=48"},{"taxonomy":"product_cat","embeddable":true,"href":"https:\/\/through-history.boostrestau.com\/index.php?rest_route=%2Fwp%2Fv2%2Fproduct_cat&post=48"},{"taxonomy":"product_tag","embeddable":true,"href":"https:\/\/through-history.boostrestau.com\/index.php?rest_route=%2Fwp%2Fv2%2Fproduct_tag&post=48"}],"curies":[{"name":"wp","href":"https:\/\/api.w.org\/{rel}","templated":true}]}}