{"id":587,"date":"2024-03-05T21:22:08","date_gmt":"2024-03-05T20:22:08","guid":{"rendered":"https:\/\/through-history.com\/?post_type=product&#038;p=587"},"modified":"2024-09-30T09:47:01","modified_gmt":"2024-09-30T07:47:01","slug":"crane-de-bouc","status":"publish","type":"product","link":"https:\/\/through-history.boostrestau.com\/?product=crane-de-bouc","title":{"rendered":"Crane de bouc"},"content":{"rendered":"<p>Plongez dans l&#8217;ambiance mystique et fascinante du m\u00e9di\u00e9val avec notre cr\u00e2ne de bouc artisanal authentique. Chaque pi\u00e8ce est soigneusement pr\u00e9par\u00e9e \u00e0 la main par des artisans talentueux, pr\u00e9servant ainsi la beaut\u00e9 brute et la singularit\u00e9 de chaque cr\u00e2ne de bouc.<\/p>\n<p>Caract\u00e9ristiques uniques :<\/p>\n<p>Authenticit\u00e9 assur\u00e9e : Nos cr\u00e2nes de bouc sont de v\u00e9ritables cr\u00e2nes, ce qui leur conf\u00e8re une aura d&#8217;authenticit\u00e9 in\u00e9gal\u00e9e. Chaque cr\u00e2ne est s\u00e9lectionn\u00e9 avec soin pour sa qualit\u00e9 et sa robustesse.<\/p>\n<p>Artisanat exceptionnel : Chaque \u00e9tape de la pr\u00e9paration est r\u00e9alis\u00e9e par des artisans chevronn\u00e9s. Ils nettoient, pr\u00e9parent et pr\u00e9servent le cr\u00e2ne avec une pr\u00e9cision m\u00e9ticuleuse pour pr\u00e9server son int\u00e9grit\u00e9.<\/p>\n<p>D\u00e9coration polyvalente : Que vous cherchiez \u00e0 ajouter une touche unique \u00e0 votre d\u00e9coration int\u00e9rieure, \u00e0 cr\u00e9er une ambiance m\u00e9di\u00e9vale dans votre espace ou \u00e0 enrichir votre collection d&#8217;artefacts historiques, notre cr\u00e2ne de bouc est parfait pour vous.<\/p>\n<p>Un morceau de l&#8217;Histoire : Nos cr\u00e2nes de bouc \u00e9taient souvent utilis\u00e9s comme symboles dans les rituels et les croyances m\u00e9di\u00e9vales. Poss\u00e9der un tel artefact vous connecte directement \u00e0 cette p\u00e9riode fascinante de l&#8217;histoire.<\/p>\n","protected":false},"excerpt":{"rendered":"<p>Plongez dans l&#8217;ambiance mystique et fascinante du m\u00e9di\u00e9val avec notre cr\u00e2ne de bouc artisanal authentique. Chaque pi\u00e8ce est soigneusement pr\u00e9par\u00e9e \u00e0 la main par des artisans talentueux, pr\u00e9servant ainsi la beaut\u00e9 brute et la singularit\u00e9 de chaque cr\u00e2ne de bouc. Caract\u00e9ristiques uniques : Authenticit\u00e9 assur\u00e9e : Nos cr\u00e2nes de bouc sont de v\u00e9ritables cr\u00e2nes, ce&hellip;&nbsp;<a href=\"https:\/\/through-history.boostrestau.com\/?product=crane-de-bouc\" rel=\"bookmark\">Lire la suite &raquo;<span class=\"screen-reader-text\">Crane de bouc<\/span><\/a><\/p>\n","protected":false},"featured_media":588,"template":"","meta":{"neve_meta_sidebar":"","neve_meta_container":"","neve_meta_enable_content_width":"off","neve_meta_content_width":100,"neve_meta_title_alignment":"","neve_meta_author_avatar":"","neve_post_elements_order":"","neve_meta_disable_header":"","neve_meta_disable_footer":"","neve_meta_disable_title":""},"product_brand":[],"product_cat":[191,437,15],"product_tag":[],"class_list":{"0":"post-587","1":"product","2":"type-product","3":"status-publish","4":"has-post-thumbnail","6":"product_cat-accessoires","7":"product_cat-autre","8":"product_cat-tous-nos-produits","10":"first","11":"instock","12":"taxable","13":"shipping-taxable","14":"purchasable","15":"product-type-simple"},"_links":{"self":[{"href":"https:\/\/through-history.boostrestau.com\/index.php?rest_route=\/wp\/v2\/product\/587","targetHints":{"allow":["GET"]}}],"collection":[{"href":"https:\/\/through-history.boostrestau.com\/index.php?rest_route=\/wp\/v2\/product"}],"about":[{"href":"https:\/\/through-history.boostrestau.com\/index.php?rest_route=\/wp\/v2\/types\/product"}],"wp:featuredmedia":[{"embeddable":true,"href":"https:\/\/through-history.boostrestau.com\/index.php?rest_route=\/wp\/v2\/media\/588"}],"wp:attachment":[{"href":"https:\/\/through-history.boostrestau.com\/index.php?rest_route=%2Fwp%2Fv2%2Fmedia&parent=587"}],"wp:term":[{"taxonomy":"product_brand","embeddable":true,"href":"https:\/\/through-history.boostrestau.com\/index.php?rest_route=%2Fwp%2Fv2%2Fproduct_brand&post=587"},{"taxonomy":"product_cat","embeddable":true,"href":"https:\/\/through-history.boostrestau.com\/index.php?rest_route=%2Fwp%2Fv2%2Fproduct_cat&post=587"},{"taxonomy":"product_tag","embeddable":true,"href":"https:\/\/through-history.boostrestau.com\/index.php?rest_route=%2Fwp%2Fv2%2Fproduct_tag&post=587"}],"curies":[{"name":"wp","href":"https:\/\/api.w.org\/{rel}","templated":true}]}}